[INFO] cloning repository https://github.com/SierraRamias/huntTheMen
[INFO] running `Command { std: "git" "-c" "credential.helper=" "-c" "credential.helper=/workspace/cargo-home/bin/git-credential-null" "clone" "--bare" "https://github.com/SierraRamias/huntTheMen" "/workspace/cache/git-repos/https%3A%2F%2Fgithub.com%2FSierraRamias%2FhuntTheMen", kill_on_drop: false }`
[INFO] [stderr] Cloning into bare repository '/workspace/cache/git-repos/https%3A%2F%2Fgithub.com%2FSierraRamias%2FhuntTheMen'...
[INFO] running `Command { std: "git" "rev-parse" "HEAD", kill_on_drop: false }`
[INFO] [stdout] e7a2b066c720d598b113c7b32c4f5802e7da61c9
[INFO] checking SierraRamias/huntTheMen against master#9610dfe5a9a731ced1ea4923ecbd0c57fe367898 for beta-170-4
[INFO] running `Command { std: "git" "clone" "/workspace/cache/git-repos/https%3A%2F%2Fgithub.com%2FSierraRamias%2FhuntTheMen" "/workspace/builds/worker-2-tc1/source", kill_on_drop: false }`
[INFO] [stderr] Cloning into '/workspace/builds/worker-2-tc1/source'...
[INFO] [stderr] done.
[INFO] validating manifest of git repo https://github.com/SierraRamias/huntTheMen on toolchain 9610dfe5a9a731ced1ea4923ecbd0c57fe367898
[INFO] running `Command { std: CARGO_HOME="/workspace/cargo-home" RUSTUP_HOME="/workspace/rustup-home" "/workspace/cargo-home/bin/cargo" "+9610dfe5a9a731ced1ea4923ecbd0c57fe367898" "metadata" "--manifest-path" "Cargo.toml" "--no-deps", kill_on_drop: false }`
[INFO] started tweaking git repo https://github.com/SierraRamias/huntTheMen
[INFO] finished tweaking git repo https://github.com/SierraRamias/huntTheMen
[INFO] tweaked toml for git repo https://github.com/SierraRamias/huntTheMen written to /workspace/builds/worker-2-tc1/source/Cargo.toml
[INFO] crate git repo https://github.com/SierraRamias/huntTheMen already has a lockfile, it will not be regenerated
[INFO] running `Command { std: CARGO_HOME="/workspace/cargo-home" RUSTUP_HOME="/workspace/rustup-home" "/workspace/cargo-home/bin/cargo" "+9610dfe5a9a731ced1ea4923ecbd0c57fe367898" "fetch" "--manifest-path" "Cargo.toml", kill_on_drop: false }`
[INFO] running `Command { std: "docker" "create" "-v" "/var/lib/crater-agent-workspace/builds/worker-2-tc1/target:/opt/rustwide/target:rw,Z" "-v" "/var/lib/crater-agent-workspace/builds/worker-2-tc1/source:/opt/rustwide/workdir:ro,Z" "-v" "/var/lib/crater-agent-workspace/cargo-home:/opt/rustwide/cargo-home:ro,Z" "-v" "/var/lib/crater-agent-workspace/rustup-home:/opt/rustwide/rustup-home:ro,Z" "-e" "SOURCE_DIR=/opt/rustwide/workdir" "-e" "CARGO_TARGET_DIR=/opt/rustwide/target" "-e" "CARGO_HOME=/opt/rustwide/cargo-home" "-e" "RUSTUP_HOME=/opt/rustwide/rustup-home" "-w" "/opt/rustwide/workdir" "-m" "1610612736" "--user" "0:0" "--network" "none" "ghcr.io/rust-lang/crates-build-env/linux@sha256:19e73879b68f455e41552ea35293514db52ea292d993f571636dbffedb77a1ee" "/opt/rustwide/cargo-home/bin/cargo" "+9610dfe5a9a731ced1ea4923ecbd0c57fe367898" "metadata" "--no-deps" "--format-version=1", kill_on_drop: false }`
[INFO] [stdout] c9206ca187e37c43b07fec957b138812cdf251ee3adc5285b02d2a011c0fbba4
[INFO] running `Command { std: "docker" "start" "-a" "c9206ca187e37c43b07fec957b138812cdf251ee3adc5285b02d2a011c0fbba4", kill_on_drop: false }`
[INFO] running `Command { std: "docker" "inspect" "c9206ca187e37c43b07fec957b138812cdf251ee3adc5285b02d2a011c0fbba4", kill_on_drop: false }`
[INFO] running `Command { std: "docker" "rm" "-f" "c9206ca187e37c43b07fec957b138812cdf251ee3adc5285b02d2a011c0fbba4", kill_on_drop: false }`
[INFO] [stdout] c9206ca187e37c43b07fec957b138812cdf251ee3adc5285b02d2a011c0fbba4
[INFO] running `Command { std: "docker" "create" "-v" "/var/lib/crater-agent-workspace/builds/worker-2-tc1/target:/opt/rustwide/target:rw,Z" "-v" "/var/lib/crater-agent-workspace/builds/worker-2-tc1/source:/opt/rustwide/workdir:ro,Z" "-v" "/var/lib/crater-agent-workspace/cargo-home:/opt/rustwide/cargo-home:ro,Z" "-v" "/var/lib/crater-agent-workspace/rustup-home:/opt/rustwide/rustup-home:ro,Z" "-e" "SOURCE_DIR=/opt/rustwide/workdir" "-e" "CARGO_TARGET_DIR=/opt/rustwide/target" "-e" "CARGO_INCREMENTAL=0" "-e" "RUST_BACKTRACE=full" "-e" "RUSTFLAGS=--cap-lints=forbid" "-e" "RUSTDOCFLAGS=--cap-lints=forbid" "-e" "CARGO_HOME=/opt/rustwide/cargo-home" "-e" "RUSTUP_HOME=/opt/rustwide/rustup-home" "-w" "/opt/rustwide/workdir" "-m" "1610612736" "--user" "0:0" "--network" "none" "ghcr.io/rust-lang/crates-build-env/linux@sha256:19e73879b68f455e41552ea35293514db52ea292d993f571636dbffedb77a1ee" "/opt/rustwide/cargo-home/bin/cargo" "+9610dfe5a9a731ced1ea4923ecbd0c57fe367898" "check" "--frozen" "--all" "--all-targets" "--message-format=json", kill_on_drop: false }`
[INFO] [stdout] 33a815b12f2e6b43d24f5a62942326c52ac812014a0694f26b9cb35e1138dd98
[INFO] running `Command { std: "docker" "start" "-a" "33a815b12f2e6b43d24f5a62942326c52ac812014a0694f26b9cb35e1138dd98", kill_on_drop: false }`
[INFO] [stderr]     Blocking waiting for file lock on package cache
[INFO] [stderr]     Blocking waiting for file lock on package cache
[INFO] [stderr]     Blocking waiting for file lock on package cache
[INFO] [stderr]    Compiling libc v0.2.126
[INFO] [stderr]    Compiling libm v0.2.2
[INFO] [stderr]    Compiling num-traits v0.2.15
[INFO] [stderr]    Compiling log v0.4.17
[INFO] [stderr]    Compiling xml-rs v0.8.4
[INFO] [stderr]    Compiling maybe-uninit v2.0.0
[INFO] [stderr]    Compiling proc-macro2 v1.0.39
[INFO] [stderr]    Compiling unicode-ident v1.0.0
[INFO] [stderr]    Compiling cc v1.0.73
[INFO] [stderr]    Compiling khronos_api v3.1.0
[INFO] [stderr]    Compiling syn v1.0.95
[INFO] [stderr]    Compiling memoffset v0.5.6
[INFO] [stderr]    Compiling crossbeam-utils v0.7.2
[INFO] [stderr]    Compiling quote v1.0.18
[INFO] [stderr]    Compiling crossbeam-epoch v0.8.2
[INFO] [stderr]    Compiling syn v0.15.44
[INFO] [stderr]    Compiling gl_generator v0.14.0
[INFO] [stderr]    Compiling autocfg v0.1.8
[INFO] [stderr]     Checking rand_core v0.4.2
[INFO] [stderr]     Checking approx v0.3.2
[INFO] [stderr]    Compiling serde_derive v1.0.137
[INFO] [stderr]     Checking ordered-float v1.1.1
[INFO] [stderr]     Checking num_cpus v1.13.1
[INFO] [stderr]    Compiling wayland-scanner v0.21.13
[INFO] [stderr]     Checking stb_truetype v0.3.1
[INFO] [stderr]     Checking crossbeam-deque v0.7.4
[INFO] [stderr]     Checking linked-hash-map v0.5.4
[INFO] [stderr]    Compiling serde v1.0.137
[INFO] [stderr]     Checking libloading v0.6.7
[INFO] [stderr]    Compiling nix v0.14.1
[INFO] [stderr]     Checking rusttype v0.8.3
[INFO] [stderr]     Checking dlib v0.4.2
[INFO] [stderr]     Checking dirs-sys v0.3.7
[INFO] [stderr]     Checking wayland-sys v0.21.13
[INFO] [stderr]     Checking rand_core v0.3.1
[INFO] [stderr]     Checking smallvec v0.6.14
[INFO] [stderr]    Compiling num-integer v0.1.45
[INFO] [stderr]    Compiling arrayvec v0.4.12
[INFO] [stderr]     Checking dirs v4.0.0
[INFO] [stderr]    Compiling parking_lot_core v0.6.2
[INFO] [stderr]    Compiling unicase v2.6.0
[INFO] [stderr]     Checking getrandom v0.2.6
[INFO] [stderr]    Compiling x11-dl v2.19.1
[INFO] [stderr]     Checking downcast-rs v1.2.0
[INFO] [stderr]    Compiling camino v1.0.9
[INFO] [stderr]    Compiling semver v1.0.9
[INFO] [stderr]    Compiling memchr v2.5.0
[INFO] [stderr]     Checking nodrop v0.1.14
[INFO] [stderr]    Compiling serde_json v1.0.81
[INFO] [stderr]    Compiling wayland-client v0.21.13
[INFO] [stderr]    Compiling wayland-protocols v0.21.13
[INFO] [stderr]     Checking rand_core v0.6.3
[INFO] [stderr]     Checking xdg v2.4.1
[INFO] [stderr]     Checking rusttype v0.7.9
[INFO] [stderr]    Compiling parking_lot v0.9.0
[INFO] [stderr]    Compiling error-chain v0.12.4
[INFO] [stderr]    Compiling rand_chacha v0.1.1
[INFO] [stderr]    Compiling rand_pcg v0.1.2
[INFO] [stderr]     Checking line_drawing v0.7.0
[INFO] [stderr]    Compiling num-complex v0.2.4
[INFO] [stderr]    Compiling num-rational v0.2.4
[INFO] [stderr]    Compiling pulldown-cmark v0.9.1
[INFO] [stderr]    Compiling ryu v1.0.10
[INFO] [stderr]    Compiling itoa v1.0.2
[INFO] [stderr]     Checking wayland-commons v0.21.13
[INFO] [stderr]     Checking cty v0.2.2
[INFO] [stderr]     Checking raw-window-handle v0.4.3
[INFO] [stderr]     Checking andrew v0.2.1
[INFO] [stderr]     Checking rand_chacha v0.3.1
[INFO] [stderr]    Compiling gfx_gl v0.6.1
[INFO] [stderr]    Compiling glutin_glx_sys v0.1.7
[INFO] [stderr]    Compiling glutin_egl_sys v0.1.5
[INFO] [stderr]     Checking memmap v0.7.0
[INFO] [stderr]    Compiling rand v0.6.5
[INFO] [stderr]     Checking num-traits v0.1.43
[INFO] [stderr]    Compiling libloading v0.5.2
[INFO] [stderr]    Compiling bzip2-sys v0.1.11+1.0.8
[INFO] [stderr]    Compiling minimp3-sys v0.3.2
[INFO] [stderr]     Checking draw_state v0.8.0
[INFO] [stderr]    Compiling alsa-sys v0.1.2
[INFO] [stderr]    Compiling euclid_macros v0.1.0
[INFO] [stderr]    Compiling libudev-sys v0.1.4
[INFO] [stderr]    Compiling nix v0.15.0
[INFO] [stderr]    Compiling fastrand v1.7.0
[INFO] [stderr]    Compiling num-derive v0.2.5
[INFO] [stderr]    Compiling tempfile v3.3.0
[INFO] [stderr]     Checking gfx_core v0.9.2
[INFO] [stderr]     Checking euclid v0.19.9
[INFO] [stderr]     Checking sid v0.5.2
[INFO] [stderr]     Checking rand v0.8.5
[INFO] [stderr]     Checking lyon_geom v0.12.7
[INFO] [stderr]     Checking raw-window-handle v0.3.4
[INFO] [stderr]     Checking rand_hc v0.1.0
[INFO] [stderr]     Checking rand_xorshift v0.1.1
[INFO] [stderr]     Checking rand_isaac v0.1.1
[INFO] [stderr]     Checking rand_jitter v0.1.4
[INFO] [stderr]     Checking lyon_path v0.13.2
[INFO] [stderr]     Checking rand_os v0.1.3
[INFO] [stderr]     Checking shared_library v0.1.9
[INFO] [stderr]    Compiling num-iter v0.1.43
[INFO] [stderr]     Checking rawpointer v0.2.1
[INFO] [stderr]     Checking xi-unicode v0.2.1
[INFO] [stderr]    Compiling bytecount v0.6.2
[INFO] [stderr]     Checking lzw v0.10.0
[INFO] [stderr]     Checking osmesa-sys v0.1.2
[INFO] [stderr]     Checking glyph_brush_layout v0.1.9
[INFO] [stderr]     Checking matrixmultiply v0.2.4
[INFO] [stderr]     Checking twox-hash v1.6.3
[INFO] [stderr]     Checking alga v0.9.3
[INFO] [stderr]     Checking generic-array v0.12.4
[INFO] [stderr]     Checking getrandom v0.1.16
[INFO] [stderr]     Checking deflate v0.7.20
[INFO] [stderr]     Checking inflate v0.4.5
[INFO] [stderr]    Compiling thiserror-impl v1.0.31
[INFO] [stderr]     Checking slice-deque v0.3.0
[INFO] [stderr]     Checking ogg v0.7.1
[INFO] [stderr]     Checking uuid v0.8.2
[INFO] [stderr]     Checking mint v0.5.9
[INFO] [stderr]     Checking gif v0.10.3
[INFO] [stderr]     Checking minimp3 v0.3.5
[INFO] [stderr]     Checking lewton v0.9.4
[INFO] [stderr]     Checking png v0.15.3
[INFO] [stderr]     Checking nalgebra v0.18.1
[INFO] [stderr]     Checking gfx_device_gl v0.16.2
[INFO] [stderr]     Checking cpal v0.8.2
[INFO] [stderr]     Checking rand_core v0.5.1
[INFO] [stderr]     Checking bzip2 v0.4.3
[INFO] [stderr]     Checking glyph_brush v0.6.3
[INFO] [stderr]     Checking thiserror v1.0.31
[INFO] [stderr]     Checking lyon_tessellation v0.13.5
[INFO] [stderr]     Checking lyon_algorithms v0.13.4
[INFO] [stderr]     Checking jpeg-decoder v0.1.22
[INFO] [stderr]     Checking tiff v0.3.1
[INFO] [stderr]     Checking hound v3.4.0
[INFO] [stderr]     Checking gilrs-core v0.2.6
[INFO] [stderr]     Checking claxon v0.4.3
[INFO] [stderr]     Checking lyon v0.13.5
[INFO] [stderr]     Checking gilrs v0.7.4
[INFO] [stderr]     Checking glyph_brush v0.5.4
[INFO] [stderr]     Checking image v0.22.5
[INFO] [stderr]     Checking zip v0.5.13
[INFO] [stderr]     Checking rand_chacha v0.2.2
[INFO] [stderr]     Checking gfx v0.18.2
[INFO] [stderr]    Compiling cargo-platform v0.1.2
[INFO] [stderr]     Checking smithay-client-toolkit v0.4.6
[INFO] [stderr]    Compiling smart-default v0.5.2
[INFO] [stderr]     Checking directories v2.0.2
[INFO] [stderr]     Checking rand v0.7.3
[INFO] [stderr]    Compiling cargo_metadata v0.14.2
[INFO] [stderr]     Checking winit v0.19.5
[INFO] [stderr]     Checking toml v0.5.9
[INFO] [stderr]    Compiling skeptic v0.13.7
[INFO] [stderr]     Checking glutin v0.20.1
[INFO] [stderr]     Checking gfx_window_glutin v0.30.0
[INFO] [stderr]    Compiling ggez v0.5.1
[INFO] [stderr]     Checking rodio v0.9.0
[INFO] [stderr]     Checking hunt_the_men v0.1.0 (/opt/rustwide/workdir)
[INFO] [stdout] warning: unused import: `ggez::graphics::pipe::new`
[INFO] [stdout]  --> src/main.rs:7:5
[INFO] [stdout]   |
[INFO] [stdout] 7 | use ggez::graphics::pipe::new;
[INFO] [stdout]   |     ^^^^^^^^^^^^^^^^^^^^^^^^^
[INFO] [stdout]   |
[INFO] [stdout]   = note: `#[warn(unused_imports)]` on by default
[INFO] [stdout] 
[INFO] [stdout] 
[INFO] [stdout] warning: unnecessary parentheses around `if` condition
[INFO] [stdout]    --> src/main.rs:132:11
[INFO] [stdout]     |
[INFO] [stdout] 132 |         if(intersects_player1) {
[INFO] [stdout]     |           ^                  ^
[INFO] [stdout]     |
[INFO] [stdout]     = note: `#[warn(unused_parens)]` on by default
[INFO] [stdout] help: remove these parentheses
[INFO] [stdout]     |
[INFO] [stdout] 132 -         if(intersects_player1) {
[INFO] [stdout] 132 +         if intersects_player1 {
[INFO] [stdout]     |
[INFO] [stdout] 
[INFO] [stdout] 
[INFO] [stdout] warning: unnecessary parentheses around `if` condition
[INFO] [stdout]    --> src/main.rs:143:11
[INFO] [stdout]     |
[INFO] [stdout] 143 |         if(intersects_player2) {
[INFO] [stdout]     |           ^                  ^
[INFO] [stdout]     |
[INFO] [stdout] help: remove these parentheses
[INFO] [stdout]     |
[INFO] [stdout] 143 -         if(intersects_player2) {
[INFO] [stdout] 143 +         if intersects_player2 {
[INFO] [stdout]     |
[INFO] [stdout] 
[INFO] [stdout] 
[INFO] [stdout] warning: unused import: `ggez::graphics::pipe::new`
[INFO] [stdout]  --> src/main.rs:7:5
[INFO] [stdout]   |
[INFO] [stdout] 7 | use ggez::graphics::pipe::new;
[INFO] [stdout]   |     ^^^^^^^^^^^^^^^^^^^^^^^^^
[INFO] [stdout]   |
[INFO] [stdout]   = note: `#[warn(unused_imports)]` on by default
[INFO] [stdout] 
[INFO] [stdout] 
[INFO] [stdout] warning: unnecessary parentheses around `if` condition
[INFO] [stdout]    --> src/main.rs:132:11
[INFO] [stdout]     |
[INFO] [stdout] 132 |         if(intersects_player1) {
[INFO] [stdout]     |           ^                  ^
[INFO] [stdout]     |
[INFO] [stdout]     = note: `#[warn(unused_parens)]` on by default
[INFO] [stdout] help: remove these parentheses
[INFO] [stdout]     |
[INFO] [stdout] 132 -         if(intersects_player1) {
[INFO] [stdout] 132 +         if intersects_player1 {
[INFO] [stdout]     |
[INFO] [stdout] 
[INFO] [stdout] 
[INFO] [stdout] warning: unnecessary parentheses around `if` condition
[INFO] [stdout]    --> src/main.rs:143:11
[INFO] [stdout]     |
[INFO] [stdout] 143 |         if(intersects_player2) {
[INFO] [stdout]     |           ^                  ^
[INFO] [stdout]     |
[INFO] [stdout] help: remove these parentheses
[INFO] [stdout]     |
[INFO] [stdout] 143 -         if(intersects_player2) {
[INFO] [stdout] 143 +         if intersects_player2 {
[INFO] [stdout]     |
[INFO] [stdout] 
[INFO] [stdout] 
[INFO] [stdout] error[E0277]: cannot subtract `f32` from `Point<f32, U2>`
[INFO] [stdout]    --> src/main.rs:126:50
[INFO] [stdout]     |
[INFO] [stdout] 126 |         let intersects_player1 = self.enemy1_pos - CHARACTER_SIZE_HALF
[INFO] [stdout]     |                                                  ^ no implementation for `Point<f32, U2> - f32`
[INFO] [stdout]     |
[INFO] [stdout]     = help: the trait `Sub<f32>` is not implemented for `Point<f32, U2>`
[INFO] [stdout]     = help: the following other types implement trait `Sub<Rhs>`:
[INFO] [stdout]               <&'a Point<N, D1> as Sub<&'b Matrix<N, D2, U1, SB>>>
[INFO] [stdout]               <&'a Point<N, D1> as Sub<Matrix<N, D2, U1, SB>>>
[INFO] [stdout]               <&'a Point<N, D> as Sub<&'b Point<N, D>>>
[INFO] [stdout]               <&'a Point<N, D> as Sub<Point<N, D>>>
[INFO] [stdout]               <Point<N, D1> as Sub<&'b Matrix<N, D2, U1, SB>>>
[INFO] [stdout]               <Point<N, D1> as Sub<Matrix<N, D2, U1, SB>>>
[INFO] [stdout]               <Point<N, D> as Sub<&'b Point<N, D>>>
[INFO] [stdout]               <Point<N, D> as Sub>
[INFO] [stdout] 
[INFO] [stdout] 
[INFO] [stdout] error[E0277]: cannot subtract `f32` from `Point<f32, U2>`
[INFO] [stdout]    --> src/main.rs:137:50
[INFO] [stdout]     |
[INFO] [stdout] 137 |         let intersects_player2 = self.enemy2_pos - CHARACTER_SIZE_HALF
[INFO] [stdout]     |                                                  ^ no implementation for `Point<f32, U2> - f32`
[INFO] [stdout]     |
[INFO] [stdout]     = help: the trait `Sub<f32>` is not implemented for `Point<f32, U2>`
[INFO] [stdout]     = help: the following other types implement trait `Sub<Rhs>`:
[INFO] [stdout]               <&'a Point<N, D1> as Sub<&'b Matrix<N, D2, U1, SB>>>
[INFO] [stdout]               <&'a Point<N, D1> as Sub<Matrix<N, D2, U1, SB>>>
[INFO] [stdout]               <&'a Point<N, D> as Sub<&'b Point<N, D>>>
[INFO] [stdout]               <&'a Point<N, D> as Sub<Point<N, D>>>
[INFO] [stdout]               <Point<N, D1> as Sub<&'b Matrix<N, D2, U1, SB>>>
[INFO] [stdout]               <Point<N, D1> as Sub<Matrix<N, D2, U1, SB>>>
[INFO] [stdout]               <Point<N, D> as Sub<&'b Point<N, D>>>
[INFO] [stdout]               <Point<N, D> as Sub>
[INFO] [stdout] 
[INFO] [stdout] 
[INFO] [stdout] error[E0277]: cannot subtract `f32` from `Point<f32, U2>`
[INFO] [stdout]    --> src/main.rs:126:50
[INFO] [stdout]     |
[INFO] [stdout] 126 |         let intersects_player1 = self.enemy1_pos - CHARACTER_SIZE_HALF
[INFO] [stdout]     |                                                  ^ no implementation for `Point<f32, U2> - f32`
[INFO] [stdout]     |
[INFO] [stdout]     = help: the trait `Sub<f32>` is not implemented for `Point<f32, U2>`
[INFO] [stdout]     = help: the following other types implement trait `Sub<Rhs>`:
[INFO] [stdout]               <&'a Point<N, D1> as Sub<&'b Matrix<N, D2, U1, SB>>>
[INFO] [stdout]               <&'a Point<N, D1> as Sub<Matrix<N, D2, U1, SB>>>
[INFO] [stdout]               <&'a Point<N, D> as Sub<&'b Point<N, D>>>
[INFO] [stdout]               <&'a Point<N, D> as Sub<Point<N, D>>>
[INFO] [stdout]               <Point<N, D1> as Sub<&'b Matrix<N, D2, U1, SB>>>
[INFO] [stdout]               <Point<N, D1> as Sub<Matrix<N, D2, U1, SB>>>
[INFO] [stdout]               <Point<N, D> as Sub<&'b Point<N, D>>>
[INFO] [stdout]               <Point<N, D> as Sub>
[INFO] [stdout] 
[INFO] [stdout] 
[INFO] [stdout] error[E0277]: cannot subtract `f32` from `Point<f32, U2>`
[INFO] [stdout]    --> src/main.rs:137:50
[INFO] [stdout]     |
[INFO] [stdout] 137 |         let intersects_player2 = self.enemy2_pos - CHARACTER_SIZE_HALF
[INFO] [stdout]     |                                                  ^ no implementation for `Point<f32, U2> - f32`
[INFO] [stdout]     |
[INFO] [stdout]     = help: the trait `Sub<f32>` is not implemented for `Point<f32, U2>`
[INFO] [stdout]     = help: the following other types implement trait `Sub<Rhs>`:
[INFO] [stdout]               <&'a Point<N, D1> as Sub<&'b Matrix<N, D2, U1, SB>>>
[INFO] [stdout]               <&'a Point<N, D1> as Sub<Matrix<N, D2, U1, SB>>>
[INFO] [stdout]               <&'a Point<N, D> as Sub<&'b Point<N, D>>>
[INFO] [stdout]               <&'a Point<N, D> as Sub<Point<N, D>>>
[INFO] [stdout]               <Point<N, D1> as Sub<&'b Matrix<N, D2, U1, SB>>>
[INFO] [stdout]               <Point<N, D1> as Sub<Matrix<N, D2, U1, SB>>>
[INFO] [stdout]               <Point<N, D> as Sub<&'b Point<N, D>>>
[INFO] [stdout]               <Point<N, D> as Sub>
[INFO] [stdout] 
[INFO] [stdout] 
[INFO] [stdout] error: aborting due to 2 previous errors; 3 warnings emitted
[INFO] [stdout] 
[INFO] [stdout] 
[INFO] [stdout] For more information about this error, try `rustc --explain E0277`.
[INFO] [stdout] 
[INFO] [stdout] error: aborting due to 2 previous errors; 3 warnings emitted
[INFO] [stdout] 
[INFO] [stdout] 
[INFO] [stdout] For more information about this error, try `rustc --explain E0277`.
[INFO] [stdout] 
[INFO] [stderr] error: could not compile `hunt_the_men` (bin "hunt_the_men") due to 3 previous errors; 3 warnings emitted
[INFO] [stderr] warning: build failed, waiting for other jobs to finish...
[INFO] [stderr] error: could not compile `hunt_the_men` (bin "hunt_the_men" test) due to 3 previous errors; 3 warnings emitted
[INFO] running `Command { std: "docker" "inspect" "33a815b12f2e6b43d24f5a62942326c52ac812014a0694f26b9cb35e1138dd98", kill_on_drop: false }`
[INFO] running `Command { std: "docker" "rm" "-f" "33a815b12f2e6b43d24f5a62942326c52ac812014a0694f26b9cb35e1138dd98", kill_on_drop: false }`
[INFO] [stdout] 33a815b12f2e6b43d24f5a62942326c52ac812014a0694f26b9cb35e1138dd98
